 3*p = -7*p - 23. Calculate the remainder when t*((-10)/5 - -81) is divided by 21.
16
Let u = -55 + 69. Suppose 2*f = -b - 8, 2*b = 3*f + 3 + 2. What is the remainder when 1 - (-1)/(b/(-76)) is divided by u?
11
Let n(t) = t - 8. Calculate the remainder when 50 is divided by n(15).
1
Suppose 2023 = 35*p + 28. Calculate the remainder when 170 is divided by p.
56
Suppose 1118 - 6617 = -47*b. Let m(g) = -39*g + 1. What is the remainder when b is divided by m(-1)?
37
Let s(m) = m**3 - 9*m**2 + 2*m - 6. Suppose 11*o + 28 = 4*o. Calculate the remainder when s(9) is divided by ((-10)/(-3))/(o/(-6)).
2
Suppose 2*u = -u. Suppose 5*y + 4*o - 400 - 103 = u, 2*y + 5*o = 191. Calculate the remainder when y is divided by 27.
22
Let h = -727 - -735. What is the remainder when 32 is divided by h?
0
Let c(a) = -a**3 - 5*a**2 - a + 3. Let v be c(-3). Let o = v + 12. Suppose -p = -o + 3, -54 = -5*g + 3*p. Calculate the remainder when 15 is divided by g.
6
Let k = 234 - 147. Calculate the remainder when 1216 is divided by k.
85
Suppose 6*w - 3*w + 5*b - 6073 = 0, 0 = -5*w + 3*b + 10133. Calculate the remainder when w is divided by 13.
11
Suppose -2 = x - n, 4*x = 5*x - 3*n + 10. What is the remainder when 5 is divided by x?
1
Let k = -151 - -158. Calculate the remainder when 29 is divided by k.
1
Let w(l) = -l**3 - l**2 - l + 4. Let i be w(0). Suppose h - i*h + 105 = 0. What is the remainder when h is divided by 19?
16
Suppose -5*p + 285 = -4*c - 10*p, -3*c + 3*p - 234 = 0. Let b = c + 88. Calculate the remainder when 46 is divided by b.
7
Let g = 0 - -9. Suppose 0 = r + 4*j + 15, 2*r - j - 24 = -g. Suppose 0 = -2*d + 103 - r. What is the remainder when d is divided by 10?
9
Let l = 267 + -218. Calculate the remainder when 123 is divided by l.
25
Let u(h) = -h**3 + 3*h + 26. Calculate the remainder when 153 is divided by u(0).
23
Let d = 1125 + -1051. Calculate the remainder when 369 is divided by d.
73
What is the remainder when 53 is divided by 9 + -2 - 9 - (-35)/1?
20
Let t(f) = 8*f - 9. Let o be t(6). Suppose 4*a = 105 + o. What is the remainder when 70 is divided by a?
34
Suppose -84*l = -78*l - 126. What is the remainder when 102 is divided by l?
18
Calculate the remainder when -8 - (-115 + (1 - -2)) is divided by 98.
6
Suppose -3*g - 198 = -3*y, -2*y = -0*g - 5*g - 123. What is the remainder when 270 is divided by y?
63
Let k = 19 - 3. Let l(h) = 899*h + 9909. What is the remainder when l(-11) is divided by k?
4
Suppose -2*x + 4 = 0, -2*q + 3*x + 4 = -8. Let v be (-8)/4*(-1 + 0). Suppose -v*t - 3*t = -175. Calculate the remainder when t is divided by q.
8
Suppose 0 = 5*o - 3*n - 222, -o - 4*o - 7*n = -232. Calculate the remainder when o is divided by 13.
6
Let g(f) = 171*f - 170. Calculate the remainder when g(2) is divided by 93.
79
Suppose 39*h + 336 = 1194. What is the remainder when h is divided by 21?
1
Let v(d) = -4*d**3 - d**2 + 2*d - 3. Let x be v(2). Suppose -2*z + 61 = 5*u, 0*z - 2 = z. What is the remainder when -3 + (-20)/(-4) - x is divided by u?
11
Let m be 11/(-22)*(-1 + 1). Let j = m - -2. Suppose j*c - 174 = -0*c. What is the remainder when c is divided by 22?
21
Suppose 0 = 4*n - 3*a - 107, -5*n = a + 12 - 160. Calculate the remainder when 141 is divided by n.
25
Calculate the remainder when 115 is divided by 1 + 7 - -18 - -3.
28
Suppose -18 = 4*f - 2*f. Let h = f - -31. Calculate the remainder when 43 is divided by h.
21
Suppose -2*y + 3*f = 2*y - 19, 4*f + 4 = 0. Calculate the remainder when 40 is divided by y.
0
Let d(q) = q**3 + 11*q**2 + 10*q + 6. Let m be d(-10). Suppose -3*f = -m - 6. Suppose -231 = -5*g + f. Calculate the remainder when g is divided by 12.
11
Suppose 5*r = -54 + 289. Let h = 10627 + -10603. Calculate the remainder when r is divided by h.
23
Suppose -2*h + h - n = -265, 5*n + 1335 = 5*h. What is the remainder when h is divided by 39?
32
What is the remainder when 235 is divided by 82/3 - ((-9)/(-27) + -2)?
3
Let x(l) = 2*l + 22. Let b(m) = m. Let v(q) = -b(q) + x(q). Calculate the remainder when 44 is divided by v(-10).
8
Let k = -37 - -41. Suppose 0 = -3*y - q + 63, -k*q = 4*y + q - 95. What is the remainder when y is divided by 11?
9
Let u = -902 - -987. Calculate the remainder when u is divided by 460/15 + (-4)/6.
25
Let s(d) = -d - 1. Let g be s(-1). Suppose -9*i + 5*i = w - 41, g = -3*w - 4*i + 91. Calculate the remainder when w is divided by 9.
7
Suppose -2*x + 5*z - 8*z = -30, 4*z + 60 = 4*x. Calculate the remainder when 193 is divided by x.
13
Let d(p) = 3*p - 1. Let a be d(6). Let h = 18 - a. What is the remainder when 87 is divided by (41 + 3)*h/2?
21
Let k be 0 - (0 + -1) - -2. Suppose 13 = 4*s - b - 10, -12 = -s - b. Let o = s + k. Calculate the remainder when 26 is divided by o.
6
Suppose 12*c = 14*c - 12. Suppose 5*d - 119 - c = 0. What is the remainder when d is divided by 8?
1
Suppose 71 = 5*b + 2*c, 0*c + 3*c + 43 = 4*b. Suppose -66 = -2*z + 74. What is the remainder when (-16)/(-24) - z/(-3) is divided by b?
11
Let k(a) = 2*a**2 + 31*a + 164. Calculate the remainder when 923 is divided by k(-8).
43
Suppose 0 = -6*i + 119 - 11. What is the remainder when (-105)/4*(-6 - -8 - 6) is divided by i?
15
Let k(q) = -4*q**3 - 8*q**2 + 9*q - 3. Let u(j) = -j**3 - j**2 + 1. Let v(h) = k(h) - 5*u(h). Calculate the remainder when 173 is divided by v(4).
41
Calculate the remainder when 9120/44 + (-6)/22 is divided by 21.
18
Suppose 13*h + 159 = 3*f + 17*h, -3*f + 183 = -4*h. Calculate the remainder when 106 is divided by f.
49
Let y(g) = g - 3. Let w be y(8). Suppose -3*d = f - w - 0, -2*d - 4*f = 0. Suppose -d*a + 4*a - 38 = 0. What is the remainder when a is divided by 7?
5
Let b = 14 + 46. Suppose 11*l - b = 6*l. Suppose 3*y + 2*y - 105 = 0. What is the remainder when y is divided by l?
9
Suppose 5*y = -2 + 17. Let q = -195 + 165. What is the remainder when 17 is divided by 29/y - q/(-45)?
8
Let n = 11 + 58. Calculate the remainder when 411 is divided by n.
66
Suppose -2 = -4*g - 10. Let n be g*(11/(-2) - -3). Suppose -t + 5 = -n. What is the remainder when 27 is divided by t?
7
Let t = -11 + 19. Let r(y) = -7*y - 60. What is the remainder when r(-10) is divided by t?
2
Calculate the remainder when 101 is divided by 765/(-30)*(-8)/6.
33
Let s = -6472 + 6478. Let u(z) = -3*z - 3. Let x be u(4). What is the remainder when x/2*(-4)/2 is divided by s?
3
Let n = -13 - -22. Suppose d - 4 = -1. Suppose 0 - d = -y. What is the remainder when n is divided by y?
0
Let l = 2 - -18. Suppose 0 = -6*x + x + l. Suppose 0 = -x*o + s + s + 16, 4*o = s + 12. What is the remainder when o is divided by 1?
0
Suppose -3*o - 22 = -55. Let h(d) = d. Let z be h(-1). Calculate the remainder when o is divided by (3 - -2) + z/1.
3
Suppose 3*i - 33 = 39. Suppose 6*x + 349 + 1 = 31*x. Calculate the remainder when i is divided by x.
10
Let f(k) = -k**3 - 6*k**2 - 3*k - 11. Suppose 0 = 4*r + 32 - 8. Calculate the remainder when 17 is divided by f(r).
3
What is the remainder when 51 is divided by (-12)/8*(-112)/(-36)*-3?
9
Suppose -2*x = 2*i - 52, -5*i = x - 0*i - 34. Let t(j) = j**3 + 8*j**2 - 13*j - 29. Calculate the remainder when x is divided by t(-9).
3
Suppose 2*u + 14*b = 11*b + 76, 2*u - 5*b = 60. What is the remainder when 79 is divided by u?
9
Let l = 36 + -15. Let f(c) = -c**3 + 8*c**2 + 19*c - 9. What is the remainder when f(9) is divided by l?
18
Let b(j) = -4*j - 46. Suppose -v = 0, 4*v = -2*k - 0*v - 28. What is the remainder when 56 is divided by b(k)?
6
Suppose 0 = 3*p - o - 2*o - 279, 273 = 3*p - 5*o. Let u = p - 53. Calculate the remainder when u is divided by 12.
7
Let o = -338 - -353. Let w = 58 - 16. Calculate the remainder when w is divided by o.
12
Suppose -2 = -2*i, -2*o + 6*o = 4*i + 516. What is the remainder when o is divided by 22?
20
Let b(m) = 2*m**2 - 2. Let r be b(3). Suppose 4*l - 176 = -r. Let v = 1275 + -1268. Calculate the remainder when l is divided by v.
5
Suppose 2*h - 114 = -102. Let b = -1 + 10. Calculate the remainder when b is divided by h.
3
Let l = -129 + 129. Suppose l = -8*j + j + 315. Calculate the remainder when 403 is divided by j.
43
Suppose -4*d - 20 = 5*y + d, 0 = -3*y - d - 4. Let f be y/(-3 - -2) - -46. Let x = f - 23. Calculate the remainder when x is divided by 13.
10
Let v = -23 